pose 5*p + w - 35 = 0. Calculate the remainder when p is divided by 3.
2
Let t(o) be the first derivative of o**3/3 - o**2/2 + 3*o + 1. Let i be t(-3). Let m = i + -8. Calculate the remainder when 12 is divided by m.
5
Let k(d) = d**3 - 9*d**2 - 10*d + 4. Let i be k(10). Let h be ((-6)/i)/((-4)/8). Let y = h - -15. What is the remainder when 53 is divided by y?
17
Suppose -6*s - 82 = -352. Calculate the remainder when s is divided by 16.
13
Suppose -2*m = -5*a - 0*m + 40, 0 = 4*a - 3*m - 32. What is the remainder when (-645)/(-21) - (-2)/7*1 is divided by a?
7
Suppose -5*r - 41 = -b, -4*b + 5*r + 46 + 58 = 0. Let x(n) = 83*n**2 + n - 2. What is the remainder when x(1) is divided by b?
19
Let t(f) = f**2 + 4*f - 1. Calculate the remainder when t(-8) is divided by 16.
15
Let x(k) = -k**3 + 8*k**2 - 3*k - 5. Let u = 12 + -5. What is the remainder when x(u) is divided by 12?
11
Calculate the remainder when 78 is divided by (-25)/(-2)*96/60.
18
Suppose -4*y - 10 - 6 = 0. Calculate the remainder when 50 is divided by 170/(-15)*6/y.
16
Let p = 8 + 9. Suppose 3*o + 4*b = -25 - 23, -5*b = 15. Let n = -3 - o. What is the remainder when p is divided by n?
8
Let h = -66 - -198. Suppose 3*g + g = h. Calculate the remainder when g is divided by 12.
9
Suppose 125 = 21*l - 106. What is the remainder when 19 is divided by l?
8
Let u(o) = -o + 1. Let n be u(-4). Let h = n + 7. Suppose -x + 3*x = 14. What is the remainder when h is divided by x?
5
Calculate the remainder when (-2 + (-6)/2)*-1 is divided by 2.
1
Let m be -1 - 24/(1 - 4). Suppose 0 = 2*v - v + 3*w - 28, 59 = 2*v + 3*w. What is the remainder when v is divided by (-2)/7 + 79/m?
9
Suppose 135 = -o + 6*o. What is the remainder when o is divided by 10?
7
Let l = 24 + -15. Let o = l + 1. What is the remainder when 28 is divided by o?
8
Let i = 6 + -4. Suppose r - 3*r + 4 = j, -r = 4*j + 5. What is the remainder when r is divided by i?
1
Let p = 2 - 9. Let m = p + 33. Suppose -2*y + 3*y + 5 = 0, -4*f = -2*y - 38. Calculate the remainder when m is divided by f.
5
Let q(f) = -f**3 - 5*f**2 - f + 2. Let i be q(-5). Let y be i/2 - (-6)/(-4). Let r(o) = o**3 - 2*o + 1. What is the remainder when r(y) is divided by 3?
2
Let m(x) = x**2 - 5*x - 5. What is the remainder when m(8) is divided by 10?
9
Suppose 2*c = -5*p - 30, -5*c + 6*p - 2*p = 75. Let n = c - -31. What is the remainder when 29 is divided by n?
13
Suppose 3*r - 8*r + 490 = 0. Calculate the remainder when r is divided by 25.
23
Suppose -4*l + 12 = -3*v - 2, -4*v + 28 = 4*l. Let h = -15 + 36. Suppose -t + h = v*t. Calculate the remainder when 19 is divided by t.
5
Let s = -4 - -6. Suppose 14 = l - s. Calculate the remainder when 30 is divided by l.
14
Suppose 4*r - 23 - 1 = 0. What is the remainder when 671/44 + (-2)/8 is divided by r?
3
Let i = 1 - -1. Suppose -4*f = -i*m + 4, m - 3*f - 2*f = -10. Let z(n) = 2*n**2 + 5*n - 6. What is the remainder when z(-5) is divided by m?
9
Suppose t + 0 = 10. Suppose 5*l - 96 = 2*q + 29, 4*l - 4*q - 88 = 0. What is the remainder when l is divided by t?
7
Suppose j = -2*j - 93. Let y = j - -16. What is the remainder when -1 + -1 - (-1 + y) is divided by 5?
4
Suppose 3*z + c - 76 = -2*z, 5*z - 84 = c. What is the remainder when (-63)/(-2) - (-2)/(-4) is divided by z?
15
Let h(i) = i**3 - 12*i**2 + 10*i + 10. Let u be h(11). Let w = u - -3. Let t = 1 + w. What is the remainder when t is divided by 2?
1
Let r be -1 + -2 - 24/(-3). Suppose -r*d + 3*y = -174, 0*d - 2*y = 3*d - 112. Calculate the remainder when d is divided by 13.
10
Suppose -s + 11 = -0*s. Suppose -2*b = -b + 5. What is the remainder when s is divided by (4/b)/(14/(-105))?
5
Let j(g) be the third derivative of -g**5/60 - 11*g**4/24 + 11*g**3/6 + g**2. What is the remainder when 61 is divided by j(-10)?
19
Let l(f) = -4*f - 4. What is the remainder when 10 is divided by l(-2)?
2
Let s(x) = 13*x - 4. Calculate the remainder when 238 is divided by s(5).
55
Suppose -3*f + 6*f - h = 265, -3*f + 2*h = -269. What is the remainder when f is divided by 22?
21
Suppose 2*y = -2*y + 68. Calculate the remainder when 101 is divided by y.
16
What is the remainder when 104 is divided by 9/30*4*(30 + 0)?
32
Let z be -5 + 3/6*0. Let h(s) = -3*s. What is the remainder when h(z) is divided by 9?
6
Let b be (-2)/(-2 - 0) - -13. Suppose 0 = -p - p + 26. Calculate the remainder when (-4)/14 + 340/b is divided by p.
11
Suppose -5*l - 2*n + 5 = 0, 4*l - 22 = l - 5*n. Let t = -130 + 248. What is the remainder when (t/(-4))/l*2 is divided by 20?
19
Let h(o) = 5*o - 3. Let f be h(3). Suppose 0 = 2*q - f - 40. What is the remainder when 102 is divided by q?
24
Let g = 334 + -196. Suppose -117 = -5*z + g. Calculate the remainder when z is divided by 18.
15
Suppose 5*l + 2*g - 79 = 0, -3*l + g = -2*g - 39. Calculate the remainder when 27 is divided by l.
12
Suppose -3*f = -69 - 6. Calculate the remainder when 97 is divided by f.
22
Suppose -2*d + 3*t + 0 = -3, 3*d - 17 = 2*t. What is the remainder when (-1)/(0 + (-2)/34) is divided by d?
8
What is the remainder when 8 is divided by 2 + 2 + 1 + 1?
2
Suppose -g + 19 = 5*l - 20, 4*l - g = 33. What is the remainder when 13 is divided by l?
5
What is the remainder when 63 is divided by 4/(4/(-3)) - -6?
0
Calculate the remainder when 23 is divided by 21/(-9)*(-10 - 24/(-6)).
9
Let s = -4 + 27. Let m(t) = -t + 8. Calculate the remainder when s is divided by m(0).
7
Suppose 6 = -2*o, -6*v + 24 = -v - 3*o. Suppose u + v*s - 6 = 45, 5*u = 2*s + 272. Calculate the remainder when u is divided by 14.
12
Let t(h) = h**2 - 2 + 6 + 0 + h. Suppose 36 = 4*a - 2*a + z, 0 = -a + 3*z + 4. What is the remainder when t(-7) is divided by a?
14
Suppose -53 = -2*w - 13. What is the remainder when w is divided by 9?
2
Let p = -41 - -44. What is the remainder when 29 is divided by p?
2
Suppose -4*b + 8 = 0, 0 = -5*y - 2*b + 7*b + 1115. Suppose 3*x = -2*x + y. What is the remainder when x is divided by 23?
22
Suppose -4*g = -2*w - 8, 2*w + 3*g - 5 = 15. Suppose -2*y - 82 = -w*y. What is the remainder when y is divided by 11?
8
Let y(v) = -v**3 + 9*v**2 - 7*v - 5. What is the remainder when y(6) is divided by 8?
5
Let d = 52 - 29. Let h = -3 - -47. What is the remainder when h is divided by d?
21
Let q be (2 + 2 - -2)*1. Suppose -3*b + q*b - 72 = 0. Calculate the remainder when 47 is divided by b.
23
Let n = -5 + 39. Calculate the remainder when 65 is divided by n.
31
Suppose -189 = 2*b - 11*b. Calculate the remainder when 83 is divided by b.
20
Suppose 0 = 4*n - 3*m - 253, m - 37 = -5*n + 303. What is the remainder when n is divided by 35?
32
Calculate the remainder when 47 is divided by (8 - -2) + 28/14.
11
Let z(w) = -9*w**2 + 3*w. Let b be z(2). Let s = 44 + b. Calculate the remainder when 53 is divided by s.
11
Let z(r) = r**3 - 8*r**2 - r + 10. Let b be z(8). Calculate the remainder when (b/2)/((-5)/(-15)) is divided by 1.
0
Calculate the remainder when 15/3*54/15 is divided by -2 + (11 - -2) + -1.
8
Let p be 1*-3*(3 - 2). What is the remainder when 9 is divided by (0 - -6)/p - -7?
4
Suppose 0 = -2*c - 3*c + 80. Suppose p - c = -x, -4*p + 70 = -4*x + 6. What is the remainder when p is divided by 6?
4
Suppose -3*s = 65 - 377. Suppose 4*z + 3*i = 87, 5*z - s = -0*z + i. What is the remainder when z is divided by 12?
9
Let q = 184 - 122. What is the remainder when q is divided by 13?
10
Let x(u) = -3*u**3 - 4*u**2 - 3*u + 2. What is the remainder when x(-2) is divided by 10?
6
Let m(g) = -4*g - 3. What is the remainder when m(-6) is divided by 8?
5
Let g(o) = o**3 + 6*o**2 - 5*o + 11. What is the remainder when g(-6) is divided by 14?
13
Let t be ((-9)/(-2))/(2/4). Suppose -5 - t = -z. Suppose 5*u - 25 = -5*i, 0 = -12*u + 10*u - 5*i + 1. What is the remainder when z is divided by u?
6
Let w(u) = u**2 + 0*u**2 - 4*u - 3 + u. Let c be w(5). Let m(f) = 2*f - 9. Calculate the remainder when 14 is divided by m(c).
4
Suppose a - 2*t - 19 = -0*t, 4*a + 2*t - 86 = 0. Calculate the remainder when 102 is divided by a.
18
What is the remainder when ((-625)/(-11) - -1) + (-2)/(-11) is divided by 30?
28
Let h(p) = 2 + 4 + 2*p - 4. Calculate the remainder when h(7) is divided by 6.
4
Suppose -4*k = -3*p + 586, 2*k = p - 0*k - 194. Let q = 277 - p. What is the remain